{"id":50,"date":"2022-06-23T12:41:44","date_gmt":"2022-06-23T10:41:44","guid":{"rendered":"https:\/\/www.ds-hotel.de\/camping-stellplatz\/?page_id=50"},"modified":"2024-08-24T16:12:57","modified_gmt":"2024-08-24T14:12:57","slug":"datenschutzerklaerung","status":"publish","type":"page","link":"http:\/\/www.ds-hotel.de\/stellplatz\/datenschutzerklaerung\/","title":{"rendered":"Datenschutzerkl\u00e4rung"},"content":{"rendered":"\n<h2 class=\"wp-block-heading\">Datenschutzerkl\u00e4rung und Information der Betroffenen gem\u00e4\u00df Artikel 13 und Artikel 14 EU-DSGVO <\/h2>\n\n\n\n<h3 class=\"wp-block-heading\">Allgemeine Angabe<\/h3>\n\n\n\n<p>Angaben zur verantwortlichen Stelle<br>Unternehmen: dS Hotel &amp; Freizeitcenter Betriebs GmbH<br>Gesetzlicher Vertreter: Dirk Schlichter<br>Adresse: dS Hotel Gronau; Amtsvennweg 58; 48599 Gronau<br>Kontaktdaten Datenschutzbeauftragter: datenschutz@ds-hotel.de<\/p>\n\n\n\n<h3 class=\"wp-block-heading\">Allgemeine Datenverarbeitungs-Informationen<\/h3>\n\n\n\n<p><strong>Betroffene Daten:<\/strong><\/p>\n\n\n\n<p>Personenbezogene Daten werden nur erhoben, wenn Sie uns diese von sich aus mitteilen. Dar\u00fcber hinaus werden keine personenbezogenen Daten erhoben. Eine \u00fcber die Reichweite der gesetzlichen Erlaubnistatbest\u00e4nde hinausgehende Verarbeitung Ihrer personenbezogenen Daten erfolgt nur auf Grundlage Ihrer ausdr\u00fccklichen Einwilligung.<\/p>\n\n\n\n<p><strong>Verarbeitungszweck:<\/strong><\/p>\n\n\n\n<p>Vertragsdurchf\u00fchrung<\/p>\n\n\n\n<p><strong>Kategorien von Empf\u00e4ngern:<\/strong><\/p>\n","protected":false},"excerpt":{"rendered":"<p>Datenschutzerkl\u00e4rung und Information der Betroffenen gem\u00e4\u00df Artikel 13 und Artikel 14 EU-DSGVO Allgemeine Angabe Angaben zur verantwortlichen StelleUnternehmen: dS Hotel &amp; Freizeitcenter Betriebs GmbHGesetzlicher Vertreter: Dirk SchlichterAdresse: dS Hotel Gronau; Amtsvennweg 58; 48599 GronauKontaktdaten Datenschutzbeauftragter: datenschutz@ds-hotel.de Allgemeine Datenverarbeitungs-Informationen Betroffene Daten: Personenbezogene Daten werden nur erhoben, wenn Sie uns diese von sich aus mitteilen. Dar\u00fcber hinaus [&hellip;]<\/p>\n","protected":false},"author":1,"featured_media":0,"parent":0,"menu_order":0,"comment_status":"closed","ping_status":"closed","template":"","meta":{"site-sidebar-layout":"default","site-content-layout":"","ast-site-content-layout":"default","site-content-style":"default","site-sidebar-style":"default","ast-global-header-display":"","ast-banner-title-visibility":"","ast-main-header-display":"","ast-hfb-above-header-display":"","ast-hfb-below-header-display":"","ast-hfb-mobile-header-display":"","site-post-title":"","ast-breadcrumbs-content":"","ast-featured-img":"","footer-sml-layout":"","theme-transparent-header-meta":"","adv-header-id-meta":"","stick-header-meta":"","header-above-stick-meta":"","header-main-stick-meta":"","header-below-stick-meta":"","astra-migrate-meta-layouts":"set","ast-page-background-enabled":"default","ast-page-background-meta":{"desktop":{"background-color":"var(--ast-global-color-4)","background-image":"","background-repeat":"repeat","background-position":"center center","background-size":"auto","background-attachment":"scroll","background-type":"","background-media":"","overlay-type":"","overlay-color":"","overlay-opacity":"","overlay-gradient":""},"tablet":{"background-color":"","background-image":"","background-repeat":"repeat","background-position":"center center","background-size":"auto","background-attachment":"scroll","background-type":"","background-media":"","overlay-type":"","overlay-color":"","overlay-opacity":"","overlay-gradient":""},"mobile":{"background-color":"","background-image":"","background-repeat":"repeat","background-position":"center center","background-size":"auto","background-attachment":"scroll","background-type":"","background-media":"","overlay-type":"","overlay-color":"","overlay-opacity":"","overlay-gradient":""}},"ast-content-background-meta":{"desktop":{"background-color":"var(--ast-global-color-5)","background-image":"","background-repeat":"repeat","background-position":"center center","background-size":"auto","background-attachment":"scroll","background-type":"","background-media":"","overlay-type":"","overlay-color":"","overlay-opacity":"","overlay-gradient":""},"tablet":{"background-color":"var(--ast-global-color-5)","background-image":"","background-repeat":"repeat","background-position":"center center","background-size":"auto","background-attachment":"scroll","background-type":"","background-media":"","overlay-type":"","overlay-color":"","overlay-opacity":"","overlay-gradient":""},"mobile":{"background-color":"var(--ast-global-color-5)","background-image":"","background-repeat":"repeat","background-position":"center center","background-size":"auto","background-attachment":"scroll","background-type":"","background-media":"","overlay-type":"","overlay-color":"","overlay-opacity":"","overlay-gradient":""}},"footnotes":""},"class_list":["post-50","page","type-page","status-publish","hentry"],"_links":{"self":[{"href":"http:\/\/www.ds-hotel.de\/stellplatz\/wp-json\/wp\/v2\/pages\/50","targetHints":{"allow":["GET"]}}],"collection":[{"href":"http:\/\/www.ds-hotel.de\/stellplatz\/wp-json\/wp\/v2\/pages"}],"about":[{"href":"http:\/\/www.ds-hotel.de\/stellplatz\/wp-json\/wp\/v2\/types\/page"}],"author":[{"embeddable":true,"href":"http:\/\/www.ds-hotel.de\/stellplatz\/wp-json\/wp\/v2\/users\/1"}],"replies":[{"embeddable":true,"href":"http:\/\/www.ds-hotel.de\/stellplatz\/wp-json\/wp\/v2\/comments?post=50"}],"version-history":[{"count":2,"href":"http:\/\/www.ds-hotel.de\/stellplatz\/wp-json\/wp\/v2\/pages\/50\/revisions"}],"predecessor-version":[{"id":201,"href":"http:\/\/www.ds-hotel.de\/stellplatz\/wp-json\/wp\/v2\/pages\/50\/revisions\/201"}],"wp:attachment":[{"href":"http:\/\/www.ds-hotel.de\/stellplatz\/wp-json\/wp\/v2\/media?parent=50"}],"curies":[{"name":"wp","href":"https:\/\/api.w.org\/{rel}","templated":true}]}}